{"id":22744,"date":"2021-12-02T18:05:35","date_gmt":"2021-12-02T18:05:35","guid":{"rendered":"http:\/\/gunepyapi.com.tr\/?page_id=22744"},"modified":"2021-12-24T06:36:47","modified_gmt":"2021-12-24T06:36:47","slug":"iletisim","status":"publish","type":"page","link":"http:\/\/gunepyapi.com.tr\/?page_id=22744","title":{"rendered":"\u0130leti\u015fim"},"content":{"rendered":"<p>[vc_row dfd_bg_style=&#8221;image&#8221; dfd_parallax_style=&#8221;dfd_vertical_parallax&#8221; dfd_bg_image_new=&#8221;22760&#8243; dfd_bg_image_repeat=&#8221;no-repeat&#8221;][vc_column][dfd_spacer screen_wide_spacer_size=&#8221;30&#8243; screen_normal_resolution=&#8221;1024&#8243; screen_tablet_resolution=&#8221;800&#8243; screen_mobile_resolution=&#8221;480&#8243;][\/vc_column][vc_column width=&#8221;1\/2&#8243; css=&#8221;.vc_custom_1638474804115{padding-right: 15px !important;padding-left: 15px !important;}&#8221; col_shadow=&#8221;box_shadow_enable:disable|shadow_horizontal:0|shadow_vertical:15|shadow_blur:50|shadow_spread:0|box_shadow_color:rgba(0%2C0%2C0%2C0.35)&#8221; col_shadow_hover=&#8221;box_shadow_enable:disable|shadow_horizontal:0|shadow_vertical:15|shadow_blur:50|shadow_spread:0|box_shadow_color:rgba(0%2C0%2C0%2C0.35)&#8221;][dfd_spacer screen_wide_spacer_size=&#8221;30&#8243; screen_normal_resolution=&#8221;1024&#8243; screen_tablet_resolution=&#8221;800&#8243; screen_mobile_resolution=&#8221;480&#8243;][dfd_heading style=&#8221;style_02&#8243; subtitle=&#8221;A\u015fa\u011f\u0131daki ileti\u015fim bilgileri ile bizimle ileti\u015fime ge\u00e7ebilirsiniz&#8221; content_alignment=&#8221;text-left&#8221; module_animation=&#8221;transition.slideRightBigIn&#8221; enable_delimiter=&#8221;&#8221; undefined=&#8221;&#8221; title_font_options=&#8221;tag:h2|line_height:38&#8243; subtitle_font_options=&#8221;tag:div|font_size:16|color:%23595959&#8243; title_responsive=&#8221;font_size_desktop:31|line_height_desktop:36|font_size_tablet:30|line_height_tablet:36|font_size_mobile:28|line_height_mobile:34&#8243;]\u0130leti\u015fim Bilgileri[\/dfd_heading][dfd_spacer screen_wide_spacer_size=&#8221;30&#8243; screen_normal_resolution=&#8221;1024&#8243; screen_tablet_resolution=&#8221;800&#8243; screen_mobile_resolution=&#8221;480&#8243;][dfd_spacer screen_wide_spacer_size=&#8221;30&#8243; screen_normal_resolution=&#8221;1024&#8243; screen_tablet_resolution=&#8221;800&#8243; screen_mobile_resolution=&#8221;480&#8243;][vc_row_inner][vc_column_inner width=&#8221;1\/2&#8243;][dfd_info_box title=&#8221;Adres&#8221; subtitle=&#8221;\u00d6zg\u00fcr Mahallesi Girne Bulvar\u0131 No: 155\/C Y\u00fcre\u011fir \/ ADANA&#8221; main_content=&#8221;&#8221; ic_dfd_icons=&#8221;dfd-socicon-map-marker&#8221; main_style=&#8221;style-5&#8243; undefined=&#8221;&#8221; title_font_options=&#8221;tag:div&#8221; subtitle_font_options=&#8221;tag:div&#8221; icon_size=&#8221;115&#8243; icon_color=&#8221;#ddbd8b&#8221;][\/vc_column_inner][vc_column_inner width=&#8221;1\/2&#8243;][dfd_info_box title=&#8221;E-Posta&#8221; subtitle=&#8221;gunepyapi@gunepyapi.com.tr&#8221; main_content=&#8221;&#8221; ic_dfd_icons=&#8221;dfd-socicon-mail&#8221; main_style=&#8221;style-5&#8243; undefined=&#8221;&#8221; title_font_options=&#8221;tag:div&#8221; subtitle_font_options=&#8221;tag:div&#8221; icon_size=&#8221;115&#8243; icon_color=&#8221;#ddbd8b&#8221;][\/vc_column_inner][\/vc_row_inner][vc_row_inner][vc_column_inner width=&#8221;1\/2&#8243;][dfd_spacer screen_wide_spacer_size=&#8221;30&#8243; screen_normal_resolution=&#8221;1024&#8243; screen_tablet_resolution=&#8221;800&#8243; screen_mobile_resolution=&#8221;480&#8243;][dfd_info_box title=&#8221;GSM&#8221; subtitle=&#8221;0 533 689 37 94&#8243; main_content=&#8221;&#8221; ic_dfd_icons=&#8221;dfd-socicon-telephone-handle-silhouette&#8221; main_style=&#8221;style-5&#8243; undefined=&#8221;&#8221; title_font_options=&#8221;tag:div&#8221; subtitle_font_options=&#8221;tag:div&#8221; icon_size=&#8221;115&#8243; icon_color=&#8221;#ddbd8b&#8221; tutorials=&#8221;&#8221;][\/vc_column_inner][vc_column_inner width=&#8221;1\/2&#8243;][\/vc_column_inner][\/vc_row_inner][\/vc_column][vc_column width=&#8221;1\/2&#8243; css=&#8221;.vc_custom_1638474811922{padding-right: 15px !important;padding-left: 15px !important;}&#8221; col_shadow=&#8221;box_shadow_enable:disable|shadow_horizontal:0|shadow_vertical:15|shadow_blur:50|shadow_spread:0|box_shadow_color:rgba(0%2C0%2C0%2C0.35)&#8221; col_shadow_hover=&#8221;box_shadow_enable:disable|shadow_horizontal:0|shadow_vertical:15|shadow_blur:50|shadow_spread:0|box_shadow_color:rgba(0%2C0%2C0%2C0.35)&#8221;][dfd_spacer screen_wide_spacer_size=&#8221;30&#8243; screen_normal_resolution=&#8221;1024&#8243; screen_tablet_resolution=&#8221;800&#8243; screen_mobile_resolution=&#8221;480&#8243;][dfd_heading style=&#8221;style_02&#8243; subtitle=&#8221;Formu Doldurarak bizimle ileti\u015fime ge\u00e7ebilirsiniz&#8221; content_alignment=&#8221;text-left&#8221; module_animation=&#8221;transition.slideRightBigIn&#8221; enable_delimiter=&#8221;&#8221; undefined=&#8221;&#8221; title_font_options=&#8221;tag:h2|line_height:38&#8243; subtitle_font_options=&#8221;tag:div|font_size:16|color:%23595959&#8243; title_responsive=&#8221;font_size_desktop:31|line_height_desktop:36|font_size_tablet:30|line_height_tablet:36|font_size_mobile:28|line_height_mobile:34&#8243;]\u0130leti\u015fim Formu[\/dfd_heading][dfd_spacer screen_wide_spacer_size=&#8221;30&#8243; screen_normal_resolution=&#8221;1280&#8243; screen_tablet_resolution=&#8221;1024&#8243; screen_mobile_resolution=&#8221;800&#8243; screen_tablet_spacer_size=&#8221;60&#8243; screen_mobile_spacer_size=&#8221;50&#8243;]<div role=\"form\" class=\"wpcf7\" id=\"wpcf7-f22746-o1\" lang=\"tr-TR\" dir=\"ltr\">\n<div class=\"screen-reader-response\"><p role=\"status\" aria-live=\"polite\" aria-atomic=\"true\"><\/p> <ul><\/ul><\/div>\n<form action=\"\/index.php?rest_route=%2Fwp%2Fv2%2Fpages%2F22744#wpcf7-f22746-o1\" method=\"post\" class=\"wpcf7-form init\" novalidate=\"novalidate\" data-status=\"init\">\n<div style=\"display: none;\">\n<input type=\"hidden\" name=\"_wpcf7\" value=\"22746\" \/>\n<input type=\"hidden\" name=\"_wpcf7_version\" value=\"5.5.3\" \/>\n<input type=\"hidden\" name=\"_wpcf7_locale\" value=\"tr_TR\" \/>\n<input type=\"hidden\" name=\"_wpcf7_unit_tag\" value=\"wpcf7-f22746-o1\" \/>\n<input type=\"hidden\" name=\"_wpcf7_container_post\" value=\"0\" \/>\n<input type=\"hidden\" name=\"_wpcf7_posted_data_hash\" value=\"\" \/>\n<\/div>\n<p><label> Ad\u0131n\u0131z<br \/>\n    <span class=\"wpcf7-form-control-wrap your-name\"><input type=\"text\" name=\"your-name\" value=\"\" size=\"40\" class=\"wpcf7-form-control wpcf7-text wpcf7-validates-as-required\" aria-required=\"true\" aria-invalid=\"false\" \/><\/span> <\/label><\/p>\n<p><label> E-posta adresiniz<br \/>\n    <span class=\"wpcf7-form-control-wrap your-email\"><input type=\"email\" name=\"your-email\" value=\"\" size=\"40\" class=\"wpcf7-form-control wpcf7-text wpcf7-email wpcf7-validates-as-required wpcf7-validates-as-email\" aria-required=\"true\" aria-invalid=\"false\" \/><\/span> <\/label><\/p>\n<p><label> Konu<br \/>\n    <span class=\"wpcf7-form-control-wrap your-subject\"><input type=\"text\" name=\"your-subject\" value=\"\" size=\"40\" class=\"wpcf7-form-control wpcf7-text wpcf7-validates-as-required\" aria-required=\"true\" aria-invalid=\"false\" \/><\/span> <\/label><\/p>\n<p><label> \u0130letiniz (tercihe ba\u011fl\u0131)<br \/>\n    <span class=\"wpcf7-form-control-wrap your-message\"><textarea name=\"your-message\" cols=\"40\" rows=\"10\" class=\"wpcf7-form-control wpcf7-textarea\" aria-invalid=\"false\"><\/textarea><\/span> <\/label><\/p>\n<p><input type=\"submit\" value=\"G\u00f6nder\" class=\"wpcf7-form-control has-spinner wpcf7-submit\" \/><\/p>\n<div class=\"wpcf7-response-output\" aria-hidden=\"true\"><\/div><\/form><\/div>[dfd_spacer screen_wide_spacer_size=&#8221;30&#8243; screen_normal_resolution=&#8221;1280&#8243; screen_tablet_resolution=&#8221;1024&#8243; screen_mobile_resolution=&#8221;800&#8243; screen_tablet_spacer_size=&#8221;60&#8243; screen_mobile_spacer_size=&#8221;50&#8243;][\/vc_column][\/vc_row][vc_row][vc_column][dfd_spacer screen_wide_spacer_size=&#8221;30&#8243; screen_normal_resolution=&#8221;1024&#8243; screen_tablet_resolution=&#8221;800&#8243; screen_mobile_resolution=&#8221;480&#8243;][\/vc_column][\/vc_row][vc_row dfd_row_config=&#8221;full_width_content&#8221;][vc_column][vc_column_text]<iframe loading=\"lazy\" style=\"border: 0;\" src=\"https:\/\/www.google.com\/maps\/embed?pb=!1m18!1m12!1m3!1d199.1855889108607!2d35.358328018088116!3d36.98666307040125!2m3!1f0!2f0!3f0!3m2!1i1024!2i768!4f13.1!3m3!1m2!1s0x15288f976822d9ab%3A0x491069a82744fc18!2sG%C3%BCnep%20Mobilya!5e0!3m2!1str!2str!4v1638468282149!5m2!1str!2str\" width=\"100%\" height=\"450\" allowfullscreen=\"allowfullscreen\"><\/iframe>[\/vc_column_text][\/vc_column][\/vc_row]<\/p>\n","protected":false},"excerpt":{"rendered":"<p>[vc_row dfd_bg_style=&#8221;image&#8221; dfd_parallax_style=&#8221;dfd_vertical_parallax&#8221; dfd_bg_image_new=&#8221;22760&#8243; dfd_bg_image_repeat=&#8221;no-repeat&#8221;][vc_column][dfd_spacer screen_wide_spacer_size=&#8221;30&#8243; screen_normal_resolution=&#8221;1024&#8243; screen_tablet_resolution=&#8221;800&#8243; screen_mobile_resolution=&#8221;480&#8243;][\/vc_column][vc_column width=&#8221;1\/2&#8243; css=&#8221;.vc_custom_1638474804115{padding-right: 15px !important;padding-left: 15px !important;}&#8221; col_shadow=&#8221;box_shadow_enable:disable|shadow_horizontal:0|shadow_vertical:15|shadow_blur:50|shadow_spread:0|box_shadow_color:rgba(0%2C0%2C0%2C0.35)&#8221; col_shadow_hover=&#8221;box_shadow_enable:disable|shadow_horizontal:0|shadow_vertical:15|shadow_blur:50|shadow_spread:0|box_shadow_color:rgba(0%2C0%2C0%2C0.35)&#8221;][dfd_spacer screen_wide_spacer_size=&#8221;30&#8243; screen_normal_resolution=&#8221;1024&#8243; screen_tablet_resolution=&#8221;800&#8243; screen_mobile_resolution=&#8221;480&#8243;][dfd_heading style=&#8221;style_02&#8243; subtitle=&#8221;A\u015fa\u011f\u0131daki ileti\u015fim bilgileri ile bizimle ileti\u015fime ge\u00e7ebilirsiniz&#8221; content_alignment=&#8221;text-left&#8221;<\/p>\n","protected":false},"author":1,"featured_media":0,"parent":0,"menu_order":0,"comment_status":"closed","ping_status":"closed","template":"tmp-page.php","meta":[],"_links":{"self":[{"href":"http:\/\/gunepyapi.com.tr\/index.php?rest_route=\/wp\/v2\/pages\/22744"}],"collection":[{"href":"http:\/\/gunepyapi.com.tr\/index.php?rest_route=\/wp\/v2\/pages"}],"about":[{"href":"http:\/\/gunepyapi.com.tr\/index.php?rest_route=\/wp\/v2\/types\/page"}],"author":[{"embeddable":true,"href":"http:\/\/gunepyapi.com.tr\/index.php?rest_route=\/wp\/v2\/users\/1"}],"replies":[{"embeddable":true,"href":"http:\/\/gunepyapi.com.tr\/index.php?rest_route=%2Fwp%2Fv2%2Fcomments&post=22744"}],"version-history":[{"count":20,"href":"http:\/\/gunepyapi.com.tr\/index.php?rest_route=\/wp\/v2\/pages\/22744\/revisions"}],"predecessor-version":[{"id":22889,"href":"http:\/\/gunepyapi.com.tr\/index.php?rest_route=\/wp\/v2\/pages\/22744\/revisions\/22889"}],"wp:attachment":[{"href":"http:\/\/gunepyapi.com.tr\/index.php?rest_route=%2Fwp%2Fv2%2Fmedia&parent=22744"}],"curies":[{"name":"wp","href":"https:\/\/api.w.org\/{rel}","templated":true}]}}